{"id":6223,"date":"2024-12-15T15:47:22","date_gmt":"2024-12-15T20:47:22","guid":{"rendered":"https:\/\/aromesetsaveurs.ca\/?post_type=journal&#038;p=6223"},"modified":"2024-12-15T15:54:17","modified_gmt":"2024-12-15T20:54:17","slug":"les-jardins-aromes-et-saveurs-sous-un-ciel-de-lumieres","status":"publish","type":"journal","link":"https:\/\/aromesetsaveurs.ca\/en\/journal\/les-jardins-aromes-et-saveurs-sous-un-ciel-de-lumieres\/","title":{"rendered":"Les Jardins Ar\u00f4mes et Saveurs sous un ciel de lumi\u00e8res"},"content":{"rendered":"\t\t<div data-elementor-type=\"wp-post\" data-elementor-id=\"6223\" class=\"elementor elementor-6223\" data-elementor-post-type=\"journal\">\n\t\t\t\t\t\t<section class=\"elementor-section elementor-top-section elementor-element elementor-element-2d659b9 elementor-section-boxed elementor-section-height-default elementor-section-height-default\" data-id=\"2d659b9\" data-element_type=\"section\" data-settings=\"{&quot;jet_parallax_layout_list&quot;:[]}\">\n\t\t\t\t\t\t<div class=\"elementor-container elementor-column-gap-default\">\n\t\t\t\t\t<div class=\"elementor-column elementor-col-100 elementor-top-column elementor-element elementor-element-7540bf82\" data-id=\"7540bf82\" data-element_type=\"column\">\n\t\t\t<div class=\"elementor-widget-wrap elementor-element-populated\">\n\t\t\t\t\t\t<div class=\"elementor-element elementor-element-371bb30c elementor-widget elementor-widget-text-editor\" data-id=\"371bb30c\" data-element_type=\"widget\" data-widget_type=\"text-editor.default\">\n\t\t\t\t<div class=\"elementor-widget-container\">\n\t\t\t\t\t\t\t\t\t\n<p>\u00c0 l\u2019approche du temps des F\u00eates, un univers f\u00e9\u00e9rique et enchanteur a \u00e9t\u00e9 cr\u00e9\u00e9 au c\u0153ur des Jardins Ar\u00f4mes et Saveurs, et ce, pour une troisi\u00e8me \u00e9dition cons\u00e9cutive. Depuis le 29 novembre, ce sont des milliers de lumi\u00e8res qui illuminent le site de Sainte-M\u00e9lanie afin de rehausser sa beaut\u00e9 et de mettre en valeur la nature. Cette ann\u00e9e, de la musique a \u00e9galement \u00e9t\u00e9 ajout\u00e9e \u00e0 travers les sentiers, permettant aux visiteurs de s\u2019impr\u00e9gner encore plus de la f\u00e9\u00e9rie de No\u00ebl.<\/p>\n\n\n\n<p><a href=\"https:\/\/www.laction.com\/article\/2024\/12\/04\/les-jardins-aromes-et-saveurs-sous-un-ciel-de-lumieres\">Lire la suite<\/a><\/p>\n\n\n\n<p><\/p>\n\t\t\t\t\t\t\t\t<\/div>\n\t\t\t\t<\/div>\n\t\t\t\t\t<\/div>\n\t\t<\/div>\n\t\t\t\t\t<\/div>\n\t\t<\/section>\n\t\t\t\t<\/div>\n\t\t","protected":false},"featured_media":0,"template":"","categories":[32],"class_list":["post-6223","journal","type-journal","status-publish","hentry","category-nouvelles"],"acf":[],"yoast_head":"<!-- This site is optimized with the Yoast SEO plugin v25.0 - https:\/\/yoast.com\/wordpress\/plugins\/seo\/ -->\n<title>Les Jardins Ar\u00f4mes et Saveurs sous un ciel de lumi\u00e8res - Les Jardins de Lavande Ar\u00f4mes et Saveurs<\/title>\n<meta name=\"robots\" content=\"index, follow, max-snippet:-1, max-image-preview:large, max-video-preview:-1\" \/>\n<link rel=\"canonical\" href=\"https:\/\/aromesetsaveurs.ca\/en\/journal\/les-jardins-aromes-et-saveurs-sous-un-ciel-de-lumieres\/\" \/>\n<meta property=\"og:locale\" content=\"en_US\" \/>\n<meta property=\"og:type\" content=\"article\" \/>\n<meta property=\"og:title\" content=\"Les Jardins Ar\u00f4mes et Saveurs sous un ciel de lumi\u00e8res - Les Jardins de Lavande Ar\u00f4mes et Saveurs\" \/>\n<meta property=\"og:description\" content=\"\u00c0 l\u2019approche du temps des F\u00eates, un univers f\u00e9\u00e9rique et enchanteur a \u00e9t\u00e9 cr\u00e9\u00e9 au c\u0153ur des Jardins Ar\u00f4mes et Saveurs, et ce, pour une troisi\u00e8me \u00e9dition cons\u00e9cutive. Depuis le 29 novembre, ce sont des milliers de lumi\u00e8res qui illuminent le site de Sainte-M\u00e9lanie afin de rehausser sa beaut\u00e9 et de mettre en valeur la [&hellip;]\" \/>\n<meta property=\"og:url\" content=\"https:\/\/aromesetsaveurs.ca\/en\/journal\/les-jardins-aromes-et-saveurs-sous-un-ciel-de-lumieres\/\" \/>\n<meta property=\"og:site_name\" content=\"Les Jardins de Lavande Ar\u00f4mes et Saveurs\" \/>\n<meta property=\"article:modified_time\" content=\"2024-12-15T20:54:17+00:00\" \/>\n<meta name=\"twitter:card\" content=\"summary_large_image\" \/>\n<meta name=\"twitter:label1\" content=\"Est. reading time\" \/>\n\t<meta name=\"twitter:data1\" content=\"1 minute\" \/>\n<script type=\"application\/ld+json\" class=\"yoast-schema-graph\">{\"@context\":\"https:\/\/schema.org\",\"@graph\":[{\"@type\":\"WebPage\",\"@id\":\"https:\/\/aromesetsaveurs.ca\/en\/journal\/les-jardins-aromes-et-saveurs-sous-un-ciel-de-lumieres\/\",\"url\":\"https:\/\/aromesetsaveurs.ca\/en\/journal\/les-jardins-aromes-et-saveurs-sous-un-ciel-de-lumieres\/\",\"name\":\"Les Jardins Ar\u00f4mes et Saveurs sous un ciel de lumi\u00e8res - Les Jardins de Lavande Ar\u00f4mes et Saveurs\",\"isPartOf\":{\"@id\":\"https:\/\/aromesetsaveurs.ca\/en\/#website\"},\"datePublished\":\"2024-12-15T20:47:22+00:00\",\"dateModified\":\"2024-12-15T20:54:17+00:00\",\"breadcrumb\":{\"@id\":\"https:\/\/aromesetsaveurs.ca\/en\/journal\/les-jardins-aromes-et-saveurs-sous-un-ciel-de-lumieres\/#breadcrumb\"},\"inLanguage\":\"en-US\",\"potentialAction\":[{\"@type\":\"ReadAction\",\"target\":[\"https:\/\/aromesetsaveurs.ca\/en\/journal\/les-jardins-aromes-et-saveurs-sous-un-ciel-de-lumieres\/\"]}]},{\"@type\":\"BreadcrumbList\",\"@id\":\"https:\/\/aromesetsaveurs.ca\/en\/journal\/les-jardins-aromes-et-saveurs-sous-un-ciel-de-lumieres\/#breadcrumb\",\"itemListElement\":[{\"@type\":\"ListItem\",\"position\":1,\"name\":\"Home\",\"item\":\"https:\/\/aromesetsaveurs.ca\/en\/\"},{\"@type\":\"ListItem\",\"position\":2,\"name\":\"Les Jardins Ar\u00f4mes et Saveurs sous un ciel de lumi\u00e8res\"}]},{\"@type\":\"WebSite\",\"@id\":\"https:\/\/aromesetsaveurs.ca\/en\/#website\",\"url\":\"https:\/\/aromesetsaveurs.ca\/en\/\",\"name\":\"Les Jardins de Lavande Ar\u00f4mes et Saveurs\",\"description\":\"Lavande et fines herbes\",\"potentialAction\":[{\"@type\":\"SearchAction\",\"target\":{\"@type\":\"EntryPoint\",\"urlTemplate\":\"https:\/\/aromesetsaveurs.ca\/en\/?s={search_term_string}\"},\"query-input\":{\"@type\":\"PropertyValueSpecification\",\"valueRequired\":true,\"valueName\":\"search_term_string\"}}],\"inLanguage\":\"en-US\"}]}<\/script>\n<!-- \/ Yoast SEO plugin. -->","yoast_head_json":{"title":"Les Jardins Ar\u00f4mes et Saveurs sous un ciel de lumi\u00e8res - Les Jardins de Lavande Ar\u00f4mes et Saveurs","robots":{"index":"index","follow":"follow","max-snippet":"max-snippet:-1","max-image-preview":"max-image-preview:large","max-video-preview":"max-video-preview:-1"},"canonical":"https:\/\/aromesetsaveurs.ca\/en\/journal\/les-jardins-aromes-et-saveurs-sous-un-ciel-de-lumieres\/","og_locale":"en_US","og_type":"article","og_title":"Les Jardins Ar\u00f4mes et Saveurs sous un ciel de lumi\u00e8res - Les Jardins de Lavande Ar\u00f4mes et Saveurs","og_description":"\u00c0 l\u2019approche du temps des F\u00eates, un univers f\u00e9\u00e9rique et enchanteur a \u00e9t\u00e9 cr\u00e9\u00e9 au c\u0153ur des Jardins Ar\u00f4mes et Saveurs, et ce, pour une troisi\u00e8me \u00e9dition cons\u00e9cutive. Depuis le 29 novembre, ce sont des milliers de lumi\u00e8res qui illuminent le site de Sainte-M\u00e9lanie afin de rehausser sa beaut\u00e9 et de mettre en valeur la [&hellip;]","og_url":"https:\/\/aromesetsaveurs.ca\/en\/journal\/les-jardins-aromes-et-saveurs-sous-un-ciel-de-lumieres\/","og_site_name":"Les Jardins de Lavande Ar\u00f4mes et Saveurs","article_modified_time":"2024-12-15T20:54:17+00:00","twitter_card":"summary_large_image","twitter_misc":{"Est. reading time":"1 minute"},"schema":{"@context":"https:\/\/schema.org","@graph":[{"@type":"WebPage","@id":"https:\/\/aromesetsaveurs.ca\/en\/journal\/les-jardins-aromes-et-saveurs-sous-un-ciel-de-lumieres\/","url":"https:\/\/aromesetsaveurs.ca\/en\/journal\/les-jardins-aromes-et-saveurs-sous-un-ciel-de-lumieres\/","name":"Les Jardins Ar\u00f4mes et Saveurs sous un ciel de lumi\u00e8res - Les Jardins de Lavande Ar\u00f4mes et Saveurs","isPartOf":{"@id":"https:\/\/aromesetsaveurs.ca\/en\/#website"},"datePublished":"2024-12-15T20:47:22+00:00","dateModified":"2024-12-15T20:54:17+00:00","breadcrumb":{"@id":"https:\/\/aromesetsaveurs.ca\/en\/journal\/les-jardins-aromes-et-saveurs-sous-un-ciel-de-lumieres\/#breadcrumb"},"inLanguage":"en-US","potentialAction":[{"@type":"ReadAction","target":["https:\/\/aromesetsaveurs.ca\/en\/journal\/les-jardins-aromes-et-saveurs-sous-un-ciel-de-lumieres\/"]}]},{"@type":"BreadcrumbList","@id":"https:\/\/aromesetsaveurs.ca\/en\/journal\/les-jardins-aromes-et-saveurs-sous-un-ciel-de-lumieres\/#breadcrumb","itemListElement":[{"@type":"ListItem","position":1,"name":"Home","item":"https:\/\/aromesetsaveurs.ca\/en\/"},{"@type":"ListItem","position":2,"name":"Les Jardins Ar\u00f4mes et Saveurs sous un ciel de lumi\u00e8res"}]},{"@type":"WebSite","@id":"https:\/\/aromesetsaveurs.ca\/en\/#website","url":"https:\/\/aromesetsaveurs.ca\/en\/","name":"Les Jardins de Lavande Ar\u00f4mes et Saveurs","description":"Lavande et fines herbes","potentialAction":[{"@type":"SearchAction","target":{"@type":"EntryPoint","urlTemplate":"https:\/\/aromesetsaveurs.ca\/en\/?s={search_term_string}"},"query-input":{"@type":"PropertyValueSpecification","valueRequired":true,"valueName":"search_term_string"}}],"inLanguage":"en-US"}]}},"_links":{"self":[{"href":"https:\/\/aromesetsaveurs.ca\/en\/wp-json\/wp\/v2\/journal\/6223","targetHints":{"allow":["GET"]}}],"collection":[{"href":"https:\/\/aromesetsaveurs.ca\/en\/wp-json\/wp\/v2\/journal"}],"about":[{"href":"https:\/\/aromesetsaveurs.ca\/en\/wp-json\/wp\/v2\/types\/journal"}],"version-history":[{"count":7,"href":"https:\/\/aromesetsaveurs.ca\/en\/wp-json\/wp\/v2\/journal\/6223\/revisions"}],"predecessor-version":[{"id":6230,"href":"https:\/\/aromesetsaveurs.ca\/en\/wp-json\/wp\/v2\/journal\/6223\/revisions\/6230"}],"wp:attachment":[{"href":"https:\/\/aromesetsaveurs.ca\/en\/wp-json\/wp\/v2\/media?parent=6223"}],"wp:term":[{"taxonomy":"category","embeddable":true,"href":"https:\/\/aromesetsaveurs.ca\/en\/wp-json\/wp\/v2\/categories?post=6223"}],"curies":[{"name":"wp","href":"https:\/\/api.w.org\/{rel}","templated":true}]}}

Les Jardins Arômes et Saveurs sous un ciel de lumières

<div data-elementor-type="wp-post" data-elementor-id="6223" class="elementor elementor-6223" data-elementor-post-type="journal">
						<section class="elementor-section elementor-top-section elementor-element elementor-element-2d659b9 elementor-section-boxed elementor-section-height-default elementor-section-height-default" data-id="2d659b9" data-element_type="section" data-settings="{&quot;jet_parallax_layout_list&quot;:[]}">
						<div class="elementor-container elementor-column-gap-default">
					<div class="elementor-column elementor-col-100 elementor-top-column elementor-element elementor-element-7540bf82" data-id="7540bf82" data-element_type="column">
			<div class="elementor-widget-wrap elementor-element-populated">
						<div class="elementor-element elementor-element-371bb30c elementor-widget elementor-widget-text-editor" data-id="371bb30c" data-element_type="widget" data-widget_type="text-editor.default">
				<div class="elementor-widget-container">
									
<p>À l’approche du temps des Fêtes, un univers féérique et enchanteur a été créé au cœur des Jardins Arômes et Saveurs, et ce, pour une troisième édition consécutive. Depuis le 29 novembre, ce sont des milliers de lumières qui illuminent le site de Sainte-Mélanie afin de rehausser sa beauté et de mettre en valeur la nature. Cette année, de la musique a également été ajoutée à travers les sentiers, permettant aux visiteurs de s’imprégner encore plus de la féérie de Noël.</p>



<p><a href="https://www.laction.com/article/2024/12/04/les-jardins-aromes-et-saveurs-sous-un-ciel-de-lumieres">Lire la suite</a></p>



<p></p>
								</div>
				</div>
					</div>
		</div>
					</div>
		</section>
				</div>

<!-- This site is optimized with the Yoast SEO plugin v25.0 - https://yoast.com/wordpress/plugins/seo/ -->
<title>Les Jardins Arômes et Saveurs sous un ciel de lumières - Les Jardins de Lavande Arômes et Saveurs</title>
<meta name="robots" content="index, follow, max-snippet:-1, max-image-preview:large, max-video-preview:-1" />
<link rel="canonical" href="https://aromesetsaveurs.ca/en/journal/les-jardins-aromes-et-saveurs-sous-un-ciel-de-lumieres/" />
<meta property="og:locale" content="en_US" />
<meta property="og:type" content="article" />
<meta property="og:title" content="Les Jardins Arômes et Saveurs sous un ciel de lumières - Les Jardins de Lavande Arômes et Saveurs" />
<meta property="og:description" content="À l’approche du temps des Fêtes, un univers féérique et enchanteur a été créé au cœur des Jardins Arômes et Saveurs, et ce, pour une troisième édition consécutive. Depuis le 29 novembre, ce sont des milliers de lumières qui illuminent le site de Sainte-Mélanie afin de rehausser sa beauté et de mettre en valeur la [&hellip;]" />
<meta property="og:url" content="https://aromesetsaveurs.ca/en/journal/les-jardins-aromes-et-saveurs-sous-un-ciel-de-lumieres/" />
<meta property="og:site_name" content="Les Jardins de Lavande Arômes et Saveurs" />
<meta property="article:modified_time" content="2024-12-15T20:54:17+00:00" />
<meta name="twitter:card" content="summary_large_image" />
<meta name="twitter:label1" content="Est. reading time" />
	<meta name="twitter:data1" content="1 minute" />
<script type="application/ld+json" class="yoast-schema-graph">{"@context":"https://schema.org","@graph":[{"@type":"WebPage","@id":"https://aromesetsaveurs.ca/en/journal/les-jardins-aromes-et-saveurs-sous-un-ciel-de-lumieres/","url":"https://aromesetsaveurs.ca/en/journal/les-jardins-aromes-et-saveurs-sous-un-ciel-de-lumieres/","name":"Les Jardins Arômes et Saveurs sous un ciel de lumières - Les Jardins de Lavande Arômes et Saveurs","isPartOf":{"@id":"https://aromesetsaveurs.ca/en/#website"},"datePublished":"2024-12-15T20:47:22+00:00","dateModified":"2024-12-15T20:54:17+00:00","breadcrumb":{"@id":"https://aromesetsaveurs.ca/en/journal/les-jardins-aromes-et-saveurs-sous-un-ciel-de-lumieres/#breadcrumb"},"inLanguage":"en-US","potentialAction":[{"@type":"ReadAction","target":["https://aromesetsaveurs.ca/en/journal/les-jardins-aromes-et-saveurs-sous-un-ciel-de-lumieres/"]}]},{"@type":"BreadcrumbList","@id":"https://aromesetsaveurs.ca/en/journal/les-jardins-aromes-et-saveurs-sous-un-ciel-de-lumieres/#breadcrumb","itemListElement":[{"@type":"ListItem","position":1,"name":"Home","item":"https://aromesetsaveurs.ca/en/"},{"@type":"ListItem","position":2,"name":"Les Jardins Arômes et Saveurs sous un ciel de lumières"}]},{"@type":"WebSite","@id":"https://aromesetsaveurs.ca/en/#website","url":"https://aromesetsaveurs.ca/en/","name":"Les Jardins de Lavande Arômes et Saveurs","description":"Lavande et fines herbes","potentialAction":[{"@type":"SearchAction","target":{"@type":"EntryPoint","urlTemplate":"https://aromesetsaveurs.ca/en/?s={search_term_string}"},"query-input":{"@type":"PropertyValueSpecification","valueRequired":true,"valueName":"search_term_string"}}],"inLanguage":"en-US"}]}</script>
<!-- / Yoast SEO plugin. -->

Les Jardins Arômes et Saveurs sous un ciel de lumières - Les Jardins de Lavande Arômes et Saveurs

À l’approche du temps des Fêtes, un univers féérique et enchanteur a été créé au cœur des Jardins Arômes et Saveurs, et ce, pour une troisième édition consécutive. Depuis le 29 novembre, ce sont des milliers de lumières qui illuminent le site de Sainte-Mélanie afin de rehausser sa beauté et de mettre en valeur la [&hellip;]

Les Jardins de Lavande Arômes et Saveurs
